{"id":39762,"date":"2015-02-26T13:14:18","date_gmt":"2015-02-26T12:14:18","guid":{"rendered":"https:\/\/www.oscardimontigny.it\/event\/cosa-ho-imparato-dal-mio-viaggio-nel-futuro\/"},"modified":"2021-10-06T15:46:43","modified_gmt":"2021-10-06T13:46:43","slug":"de-regreso-del-viaje-al-futurocosa-ho-imparato-dal-mio-viaggio-nel-futuro","status":"publish","type":"event","link":"https:\/\/www.oscardimontigny.it\/es\/event\/de-regreso-del-viaje-al-futurocosa-ho-imparato-dal-mio-viaggio-nel-futuro\/","title":{"rendered":"De Regreso del Viaje al Futuro"},"content":{"rendered":"","protected":false},"excerpt":{"rendered":"<p>Vuelvo del viaje por las maravillas tecnol\u00f3gicas con una certeza: en el centro de todo, est\u00e1 el ser humano. Es un momento realmente fant\u00e1stico para vivir.<\/p>\n","protected":false},"featured_media":37383,"template":"","class_list":["post-39762","event","type-event","status-publish","has-post-thumbnail","hentry"],"acf":[],"yoast_head":"<!-- This site is optimized with the Yoast SEO plugin v27.1.1 - https:\/\/yoast.com\/product\/yoast-seo-wordpress\/ -->\n<title>De Regreso del Viaje al Futuro - Oscar Di Montigny<\/title>\n<meta name=\"robots\" content=\"index, follow, max-snippet:-1, max-image-preview:large, max-video-preview:-1\" \/>\n<link rel=\"canonical\" href=\"https:\/\/www.oscardimontigny.it\/es\/event\/de-regreso-del-viaje-al-futurocosa-ho-imparato-dal-mio-viaggio-nel-futuro\/\" \/>\n<meta property=\"og:locale\" content=\"es_ES\" \/>\n<meta property=\"og:type\" content=\"article\" \/>\n<meta property=\"og:title\" content=\"De Regreso del Viaje al Futuro - Oscar Di Montigny\" \/>\n<meta property=\"og:description\" content=\"Vuelvo del viaje por las maravillas tecnol\u00f3gicas con una certeza: en el centro de todo, est\u00e1 el ser humano. Es un momento realmente fant\u00e1stico para vivir.\" \/>\n<meta property=\"og:url\" content=\"https:\/\/www.oscardimontigny.it\/es\/event\/de-regreso-del-viaje-al-futurocosa-ho-imparato-dal-mio-viaggio-nel-futuro\/\" \/>\n<meta property=\"og:site_name\" content=\"Oscar Di Montigny\" \/>\n<meta property=\"article:modified_time\" content=\"2021-10-06T13:46:43+00:00\" \/>\n<meta property=\"og:image\" content=\"https:\/\/www.oscardimontigny.it\/wp-content\/uploads\/2015\/02\/singularity57-960x334-1.jpg\" \/>\n\t<meta property=\"og:image:width\" content=\"959\" \/>\n\t<meta property=\"og:image:height\" content=\"333\" \/>\n\t<meta property=\"og:image:type\" content=\"image\/jpeg\" \/>\n<meta name=\"twitter:card\" content=\"summary_large_image\" \/>\n<script type=\"application\/ld+json\" class=\"yoast-schema-graph\">{\"@context\":\"https:\/\/schema.org\",\"@graph\":[{\"@type\":\"WebPage\",\"@id\":\"https:\/\/www.oscardimontigny.it\/es\/event\/de-regreso-del-viaje-al-futurocosa-ho-imparato-dal-mio-viaggio-nel-futuro\/\",\"url\":\"https:\/\/www.oscardimontigny.it\/es\/event\/de-regreso-del-viaje-al-futurocosa-ho-imparato-dal-mio-viaggio-nel-futuro\/\",\"name\":\"De Regreso del Viaje al Futuro - Oscar Di Montigny\",\"isPartOf\":{\"@id\":\"https:\/\/www.oscardimontigny.it\/es\/#website\"},\"primaryImageOfPage\":{\"@id\":\"https:\/\/www.oscardimontigny.it\/es\/event\/de-regreso-del-viaje-al-futurocosa-ho-imparato-dal-mio-viaggio-nel-futuro\/#primaryimage\"},\"image\":{\"@id\":\"https:\/\/www.oscardimontigny.it\/es\/event\/de-regreso-del-viaje-al-futurocosa-ho-imparato-dal-mio-viaggio-nel-futuro\/#primaryimage\"},\"thumbnailUrl\":\"https:\/\/www.oscardimontigny.it\/wp-content\/uploads\/2015\/02\/singularity57-960x334-1.jpg\",\"datePublished\":\"2015-02-26T12:14:18+00:00\",\"dateModified\":\"2021-10-06T13:46:43+00:00\",\"breadcrumb\":{\"@id\":\"https:\/\/www.oscardimontigny.it\/es\/event\/de-regreso-del-viaje-al-futurocosa-ho-imparato-dal-mio-viaggio-nel-futuro\/#breadcrumb\"},\"inLanguage\":\"es-ES\",\"potentialAction\":[{\"@type\":\"ReadAction\",\"target\":[\"https:\/\/www.oscardimontigny.it\/es\/event\/de-regreso-del-viaje-al-futurocosa-ho-imparato-dal-mio-viaggio-nel-futuro\/\"]}]},{\"@type\":\"ImageObject\",\"inLanguage\":\"es-ES\",\"@id\":\"https:\/\/www.oscardimontigny.it\/es\/event\/de-regreso-del-viaje-al-futurocosa-ho-imparato-dal-mio-viaggio-nel-futuro\/#primaryimage\",\"url\":\"https:\/\/www.oscardimontigny.it\/wp-content\/uploads\/2015\/02\/singularity57-960x334-1.jpg\",\"contentUrl\":\"https:\/\/www.oscardimontigny.it\/wp-content\/uploads\/2015\/02\/singularity57-960x334-1.jpg\",\"width\":959,\"height\":333},{\"@type\":\"BreadcrumbList\",\"@id\":\"https:\/\/www.oscardimontigny.it\/es\/event\/de-regreso-del-viaje-al-futurocosa-ho-imparato-dal-mio-viaggio-nel-futuro\/#breadcrumb\",\"itemListElement\":[{\"@type\":\"ListItem\",\"position\":1,\"name\":\"Events\",\"item\":\"https:\/\/www.oscardimontigny.it\/es\/events\/\"},{\"@type\":\"ListItem\",\"position\":2,\"name\":\"De Regreso del Viaje al Futuro\"}]},{\"@type\":\"WebSite\",\"@id\":\"https:\/\/www.oscardimontigny.it\/es\/#website\",\"url\":\"https:\/\/www.oscardimontigny.it\/es\/\",\"name\":\"Oscar Di Montigny\",\"description\":\"\",\"potentialAction\":[{\"@type\":\"SearchAction\",\"target\":{\"@type\":\"EntryPoint\",\"urlTemplate\":\"https:\/\/www.oscardimontigny.it\/es\/?s={search_term_string}\"},\"query-input\":{\"@type\":\"PropertyValueSpecification\",\"valueRequired\":true,\"valueName\":\"search_term_string\"}}],\"inLanguage\":\"es-ES\"}]}<\/script>\n<!-- \/ Yoast SEO plugin. -->","yoast_head_json":{"title":"De Regreso del Viaje al Futuro - Oscar Di Montigny","robots":{"index":"index","follow":"follow","max-snippet":"max-snippet:-1","max-image-preview":"max-image-preview:large","max-video-preview":"max-video-preview:-1"},"canonical":"https:\/\/www.oscardimontigny.it\/es\/event\/de-regreso-del-viaje-al-futurocosa-ho-imparato-dal-mio-viaggio-nel-futuro\/","og_locale":"es_ES","og_type":"article","og_title":"De Regreso del Viaje al Futuro - Oscar Di Montigny","og_description":"Vuelvo del viaje por las maravillas tecnol\u00f3gicas con una certeza: en el centro de todo, est\u00e1 el ser humano. Es un momento realmente fant\u00e1stico para vivir.","og_url":"https:\/\/www.oscardimontigny.it\/es\/event\/de-regreso-del-viaje-al-futurocosa-ho-imparato-dal-mio-viaggio-nel-futuro\/","og_site_name":"Oscar Di Montigny","article_modified_time":"2021-10-06T13:46:43+00:00","og_image":[{"width":959,"height":333,"url":"https:\/\/www.oscardimontigny.it\/wp-content\/uploads\/2015\/02\/singularity57-960x334-1.jpg","type":"image\/jpeg"}],"twitter_card":"summary_large_image","schema":{"@context":"https:\/\/schema.org","@graph":[{"@type":"WebPage","@id":"https:\/\/www.oscardimontigny.it\/es\/event\/de-regreso-del-viaje-al-futurocosa-ho-imparato-dal-mio-viaggio-nel-futuro\/","url":"https:\/\/www.oscardimontigny.it\/es\/event\/de-regreso-del-viaje-al-futurocosa-ho-imparato-dal-mio-viaggio-nel-futuro\/","name":"De Regreso del Viaje al Futuro - Oscar Di Montigny","isPartOf":{"@id":"https:\/\/www.oscardimontigny.it\/es\/#website"},"primaryImageOfPage":{"@id":"https:\/\/www.oscardimontigny.it\/es\/event\/de-regreso-del-viaje-al-futurocosa-ho-imparato-dal-mio-viaggio-nel-futuro\/#primaryimage"},"image":{"@id":"https:\/\/www.oscardimontigny.it\/es\/event\/de-regreso-del-viaje-al-futurocosa-ho-imparato-dal-mio-viaggio-nel-futuro\/#primaryimage"},"thumbnailUrl":"https:\/\/www.oscardimontigny.it\/wp-content\/uploads\/2015\/02\/singularity57-960x334-1.jpg","datePublished":"2015-02-26T12:14:18+00:00","dateModified":"2021-10-06T13:46:43+00:00","breadcrumb":{"@id":"https:\/\/www.oscardimontigny.it\/es\/event\/de-regreso-del-viaje-al-futurocosa-ho-imparato-dal-mio-viaggio-nel-futuro\/#breadcrumb"},"inLanguage":"es-ES","potentialAction":[{"@type":"ReadAction","target":["https:\/\/www.oscardimontigny.it\/es\/event\/de-regreso-del-viaje-al-futurocosa-ho-imparato-dal-mio-viaggio-nel-futuro\/"]}]},{"@type":"ImageObject","inLanguage":"es-ES","@id":"https:\/\/www.oscardimontigny.it\/es\/event\/de-regreso-del-viaje-al-futurocosa-ho-imparato-dal-mio-viaggio-nel-futuro\/#primaryimage","url":"https:\/\/www.oscardimontigny.it\/wp-content\/uploads\/2015\/02\/singularity57-960x334-1.jpg","contentUrl":"https:\/\/www.oscardimontigny.it\/wp-content\/uploads\/2015\/02\/singularity57-960x334-1.jpg","width":959,"height":333},{"@type":"BreadcrumbList","@id":"https:\/\/www.oscardimontigny.it\/es\/event\/de-regreso-del-viaje-al-futurocosa-ho-imparato-dal-mio-viaggio-nel-futuro\/#breadcrumb","itemListElement":[{"@type":"ListItem","position":1,"name":"Events","item":"https:\/\/www.oscardimontigny.it\/es\/events\/"},{"@type":"ListItem","position":2,"name":"De Regreso del Viaje al Futuro"}]},{"@type":"WebSite","@id":"https:\/\/www.oscardimontigny.it\/es\/#website","url":"https:\/\/www.oscardimontigny.it\/es\/","name":"Oscar Di Montigny","description":"","potentialAction":[{"@type":"SearchAction","target":{"@type":"EntryPoint","urlTemplate":"https:\/\/www.oscardimontigny.it\/es\/?s={search_term_string}"},"query-input":{"@type":"PropertyValueSpecification","valueRequired":true,"valueName":"search_term_string"}}],"inLanguage":"es-ES"}]}},"_links":{"self":[{"href":"https:\/\/www.oscardimontigny.it\/es\/wp-json\/wp\/v2\/event\/39762","targetHints":{"allow":["GET"]}}],"collection":[{"href":"https:\/\/www.oscardimontigny.it\/es\/wp-json\/wp\/v2\/event"}],"about":[{"href":"https:\/\/www.oscardimontigny.it\/es\/wp-json\/wp\/v2\/types\/event"}],"wp:featuredmedia":[{"embeddable":true,"href":"https:\/\/www.oscardimontigny.it\/es\/wp-json\/wp\/v2\/media\/37383"}],"wp:attachment":[{"href":"https:\/\/www.oscardimontigny.it\/es\/wp-json\/wp\/v2\/media?parent=39762"}],"curies":[{"name":"wp","href":"https:\/\/api.w.org\/{rel}","templated":true}]}}

<p>Vuelvo del viaje por las maravillas tecnológicas con una certeza: en el centro de todo, está el ser humano. Es un momento realmente fantástico para vivir.</p>

<!-- This site is optimized with the Yoast SEO plugin v27.1.1 - https://yoast.com/product/yoast-seo-wordpress/ -->
<title>De Regreso del Viaje al Futuro - Oscar Di Montigny</title>
<meta name="robots" content="index, follow, max-snippet:-1, max-image-preview:large, max-video-preview:-1" />
<link rel="canonical" href="https://www.oscardimontigny.it/es/event/de-regreso-del-viaje-al-futurocosa-ho-imparato-dal-mio-viaggio-nel-futuro/" />
<meta property="og:locale" content="es_ES" />
<meta property="og:type" content="article" />
<meta property="og:title" content="De Regreso del Viaje al Futuro - Oscar Di Montigny" />
<meta property="og:description" content="Vuelvo del viaje por las maravillas tecnológicas con una certeza: en el centro de todo, está el ser humano. Es un momento realmente fantástico para vivir." />
<meta property="og:url" content="https://www.oscardimontigny.it/es/event/de-regreso-del-viaje-al-futurocosa-ho-imparato-dal-mio-viaggio-nel-futuro/" />
<meta property="og:site_name" content="Oscar Di Montigny" />
<meta property="article:modified_time" content="2021-10-06T13:46:43+00:00" />
<meta property="og:image" content="https://www.oscardimontigny.it/wp-content/uploads/2015/02/singularity57-960x334-1.jpg" />
	<meta property="og:image:width" content="959" />
	<meta property="og:image:height" content="333" />
	<meta property="og:image:type" content="image/jpeg" />
<meta name="twitter:card" content="summary_large_image" />
<script type="application/ld+json" class="yoast-schema-graph">{"@context":"https://schema.org","@graph":[{"@type":"WebPage","@id":"https://www.oscardimontigny.it/es/event/de-regreso-del-viaje-al-futurocosa-ho-imparato-dal-mio-viaggio-nel-futuro/","url":"https://www.oscardimontigny.it/es/event/de-regreso-del-viaje-al-futurocosa-ho-imparato-dal-mio-viaggio-nel-futuro/","name":"De Regreso del Viaje al Futuro - Oscar Di Montigny","isPartOf":{"@id":"https://www.oscardimontigny.it/es/#website"},"primaryImageOfPage":{"@id":"https://www.oscardimontigny.it/es/event/de-regreso-del-viaje-al-futurocosa-ho-imparato-dal-mio-viaggio-nel-futuro/#primaryimage"},"image":{"@id":"https://www.oscardimontigny.it/es/event/de-regreso-del-viaje-al-futurocosa-ho-imparato-dal-mio-viaggio-nel-futuro/#primaryimage"},"thumbnailUrl":"https://www.oscardimontigny.it/wp-content/uploads/2015/02/singularity57-960x334-1.jpg","datePublished":"2015-02-26T12:14:18+00:00","dateModified":"2021-10-06T13:46:43+00:00","breadcrumb":{"@id":"https://www.oscardimontigny.it/es/event/de-regreso-del-viaje-al-futurocosa-ho-imparato-dal-mio-viaggio-nel-futuro/#breadcrumb"},"inLanguage":"es-ES","potentialAction":[{"@type":"ReadAction","target":["https://www.oscardimontigny.it/es/event/de-regreso-del-viaje-al-futurocosa-ho-imparato-dal-mio-viaggio-nel-futuro/"]}]},{"@type":"ImageObject","inLanguage":"es-ES","@id":"https://www.oscardimontigny.it/es/event/de-regreso-del-viaje-al-futurocosa-ho-imparato-dal-mio-viaggio-nel-futuro/#primaryimage","url":"https://www.oscardimontigny.it/wp-content/uploads/2015/02/singularity57-960x334-1.jpg","contentUrl":"https://www.oscardimontigny.it/wp-content/uploads/2015/02/singularity57-960x334-1.jpg","width":959,"height":333},{"@type":"BreadcrumbList","@id":"https://www.oscardimontigny.it/es/event/de-regreso-del-viaje-al-futurocosa-ho-imparato-dal-mio-viaggio-nel-futuro/#breadcrumb","itemListElement":[{"@type":"ListItem","position":1,"name":"Events","item":"https://www.oscardimontigny.it/es/events/"},{"@type":"ListItem","position":2,"name":"De Regreso del Viaje al Futuro"}]},{"@type":"WebSite","@id":"https://www.oscardimontigny.it/es/#website","url":"https://www.oscardimontigny.it/es/","name":"Oscar Di Montigny","description":"","potentialAction":[{"@type":"SearchAction","target":{"@type":"EntryPoint","urlTemplate":"https://www.oscardimontigny.it/es/?s={search_term_string}"},"query-input":{"@type":"PropertyValueSpecification","valueRequired":true,"valueName":"search_term_string"}}],"inLanguage":"es-ES"}]}</script>
<!-- / Yoast SEO plugin. -->

Vuelvo del viaje por las maravillas tecnológicas con una certeza: en el centro de todo, está el ser humano. Es un momento realmente fantástico para vivir.
